- -6. Let g(r) = -r + 14. Let h be g(d). Suppose 51 = h*z - 15. List the prime factors of z.
2, 11
Let o(v) = -v**2 - 3. Let t(b) = -b + 3. Suppose 0 = 4*p - 5*l + 32, -2*l + 9 = 1. Let c(j) = p*o(j) - 2*t(j). What are the prime factors of c(-2)?
11
Let i = 37 - 37. What are the prime factors of i + (56 - (-4 - -1))?
59
Suppose 2*u - 674 = -4*f + 528, -3*u = -4*f + 1197. What are the prime factors of f?
2, 3, 5
Let w be (-8 - -6)*5/(-2). Let h(m) = -m**3 + 6 - 6 - w*m**2 - 5*m + m**2 - 3. List the prime factors of h(-3).
3
Suppose -w + 6 = -0. Let n(i) = i**3 - 4*i**2 - i - 8. List the prime factors of n(w).
2, 29
Suppose 0 = 11*u + 2971 - 13971. What are the prime factors of u?
2, 5
Let k be 13 - 13 - (-6)/4*2. Suppose 3*t - k*d = 414, -3*t - d = 4*d - 406. What are the prime factors of t?
137
List the prime factors of (7 - (6 + 0))/(1/637).
7, 13
Let v(m) = -m**3 + m**2 - m + 22. Let j be v(0). Suppose 0 = 3*l + 6*d - d - j, -4*d = -8. Suppose b = -0 + l. List the prime factors of b.
2
Let k be (-1)/(-3) + (-222)/(-9) + 4. Suppose -o = 24 - k. List the prime factors of o.
5
Let a(u) = u. Let w(h) = 4*h - 1. Let v(r) = 2*a(r) - w(r). List the prime factors of v(-13).
3
Suppose 4*s - 5*s + 24 = 0. Let a = 33 - s. Suppose -a*o + 456 = 15. List the prime factors of o.
7
Suppose -8 = 4*l, 3*c - l = l + 52. Let a = c + -12. Let k(s) = s**3 - 5*s**2 + 5*s + 4. What are the prime factors of k(a)?
2
Let v(u) = 9*u**2 - 11*u + 20. Let y be v(4). Suppose 2*t - y = -l, -4*l + 6*t = t - 532. List the prime factors of l.
2
Suppose 127*r = 122*r + 10255. What are the prime factors of r?
7, 293
Let z = 3427 - 1981. What are the prime factors of z?
2, 3, 241
Let w = -1 - -6. Suppose -408 = -w*k + 77. List the prime factors of k.
97
Let r = 1149 + -800. What are the prime factors of r?
349
Let h = -6167 + 8857. List the prime factors of h.
2, 5, 269
Suppose -6 = -5*s - 2*x, 5*x + 11 = 2*s + 26. Suppose -5*f + 3*f + 64 = s. Suppose 7*b + f = g + 4*b, -2*b + 24 = 2*g. What are the prime factors of g?
17
Suppose 2*u = -4*i - 162, -115 = 3*i - u + 4. Let o = -34 - i. What are the prime factors of o?
2, 3
Let b be 2*(-11)/(-1) - -1. Let u = 32 - b. Suppose -3*p + 7 = -3*i - 2, u = 3*p - 2*i. What are the prime factors of p?
3
Suppose -116*z = -123*z + 5117. List the prime factors of z.
17, 43
Suppose 2180 = 7*l - 2041. What are the prime factors of l?
3, 67
Suppose -5 = -z - 3*j, 5*j - 7 + 2 = -z. Suppose a + 16 = z*a. List the prime factors of a.
2
What are the prime factors of 2141 + (0 - -1 - (-10 - -16))?
2, 3, 89
Let w = 231 - -189. What are the prime factors of (12/15)/(6/w)?
2, 7
Let l(a) = 3*a**3 + 2*a**2 - 2*a + 1. Let o(j) = j**3 - j**2 + j. Let h(r) = -l(r) + 4*o(r). Let q be h(5). Suppose -q*b = -26 + 2. List the prime factors of b.
2, 3
Let z(f) = -f**2 - 3*f - 11. Let b be z(10). Let c = b - -100. What are the prime factors of 3 + -5 + 1 - c?
2, 5
What are the prime factors of (-549)/36*-8*(10 - -1)?
2, 11, 61
Suppose -167*f + 159*f + 5232 = 0. List the prime factors of f.
2, 3, 109
Let s(q) = q + 2. Let n(d) be the third derivative of d**4/12 + d**3/6 - 2*d**2. Let r(a) = 5*n(a) - 6*s(a). What are the prime factors of r(5)?
13
Let s(z) be the first derivative of -1 - 1/4*z**4 - z - 3/2*z**2 - 7/3*z**3. What are the prime factors of s(-7)?
2, 5
Let c = -436 + 194. Let w = c - -458. List the prime factors of w.
2, 3
Let o = 52 + 1362. List the prime factors of o.
2, 7, 101
Suppose -c - 5 = -7. Let y be (2 - 2)/c + 292. Suppose 0 = 5*r - y + 12. What are the prime factors of r?
2, 7
Suppose -8*u = -2*u - 516. Let s = 158 - u. What are the prime factors of s?
2, 3
Let t = 45 + -42. Suppose -5*m = -4*p + 88, 3*m + 96 = p + t*p. List the prime factors of p.
3
Let k(w) = -w**3 - 14*w**2 - 17*w - 9. Suppose -2 = 10*n + 128. What are the prime factors of k(n)?
43
Let r = -1850 + 2656. Suppose -r + 141 = -5*a. List the prime factors of a.
7, 19
What are the prime factors of 64110/12 - (1/(-2) - -1)?
2, 2671
Suppose -6*z + z + 100 = 0. Let g = -35 + z. Let d = g - -27. What are the prime factors of d?
2, 3
Let q be 4/((-8)/6) + 0. Let h = q + 75. What are the prime factors of h?
2, 3
Let o be 2*((-34)/(-4) - 4). List the prime factors of (o/6)/(7/770).
3, 5, 11
Suppose -516 = -2*j - 2*y, -y = 4*j - 450 - 576. List the prime factors of j.
2
Let h(o) = 5*o - 5. Let r(d) = d**2 + 6*d - 1. Let v be r(-5). Let i be h(v). Let m = i + 70. What are the prime factors of m?
5, 7
Suppose -4*g + 36 = -0*g. Let k = 6 - g. What are the prime factors of (-13)/k*(-10 - -13)?
13
Let b = 25 + -21. Suppose 2*d = -8, b*q - 3*d - 24 = -d. Suppose 4*l + q*y - 208 = 0, 4*l - 205 = -0*y - y. What are the prime factors of l?
3, 17
Let f be (-1)/(-4) - (-515)/20. Let u(m) = 11*m**2 - 1. Let w be u(-1). Let q = f - w. What are the prime factors of q?
2
Let h(r) = 10*r + 6*r - 25*r - 21*r - 3. List the prime factors of h(-2).
3, 19
Let q(g) = 2*g**2 + 27*g - 45. What are the prime factors of q(-23)?
2, 7
Let q be (3 + -3)/(1*-1). Suppose 0 = 4*y - 12, 3*d + y + 8 - 2 = q. Let b(o) = 5*o**2 + 2. What are the prime factors of b(d)?
47
Suppose 5*c = 4*i - 794, -104 = -3*i + 4*c + 492. Suppose -6*u + 2*u = i. Let y = -4 - u. List the prime factors of y.
3, 5
Suppose 0 = -5*s + 20, 2*u + 3*s - 16 = -0*s. Suppose 246 + 12 = u*c. Suppose 3*l - c = 3*d, -3*d + 233 = 5*l - 2*d. What are the prime factors of l?
2, 23
Suppose 2*v + v - 1963 = -4*k, -3*k - 2*v = -1473. What are the prime factors of k?
17, 29
List the prime factors of 2/1 - (13 + -632)*5.
19, 163
Let p = -1760 + 2673. What are the prime factors of p?
11, 83
Suppose -107 = 4*c + 53. Let z = 58 + c. What are the prime factors of z?
2, 3
Suppose 24 - 24 = -3*t. Let z = 5 + -1. Let f = z - t. List the prime factors of f.
2
Suppose 0 = -20*z + 36308 + 3472. List the prime factors of z.
3, 13, 17
Suppose -19*h + 7696 - 1502 = 0. What are the prime factors of h?
2, 163
Let x = -55 - -124. Let c = x - 35. List the prime factors of c.
2, 17
Let n = 1410 + -805. What are the prime factors of n?
5, 11
Suppose 1 = 5*f - 14. List the prime factors of (-1)/(((-12)/f)/64).
2
Let i = -26 - -26. Suppose -5*r + c + 465 = i, 3*r - 241 - 10 = -5*c. List the prime factors of r.
2, 23
Let u = -622 - -2053. List the prime factors of u.
3, 53
Suppose 2*y = 32 - 10. List the prime factors of (y/(-11))/(1/(-74)).
2, 37
Suppose -2*y - 179 = -t, -t + 5*y + 173 = -0*y. What are the prime factors of t?
3, 61
Let w(v) be the first derivative of v**3/3 + 3*v**2/2 + 2*v + 4. Let d be w(-3). Suppose b - 16 = -u + 4*u, -13 = -b + d*u. List the prime factors of b.
7
Let x be (-24)/(-12) + 18*-5. Let h = 159 + x. List the prime factors of h.
71
Let i(c) = -4*c - 6. Let f be i(-3). Let m be (f + -1)*(-319)/(-11). Let g = m - 78. What are the prime factors of g?
67
Suppose -77 = -5*y - c, -4*y + 5*c = -18 - 61. Suppose 0 = -4*b - 0*b + y. List the prime factors of ((-16)/(-10))/(b/10).
2
Suppose 5*n = 3*m + 229, -3*n - 25 + 142 = 5*m. Suppose n + 64 = 3*p. What are the prime factors of p?
2, 3
Suppose -98 = 4*a - 2*d + 48, -2*a = -4*d + 70. Let r = 25 - a. Suppose -5*g = 4*y - 77, 5*g - 3*y - r = -2*y. What are the prime factors of g?
13
What are the prime factors of 23/(-115)*10*-71?
2, 71
Let b = 69 - -16. Suppose 0 = 5*h - 2*d - 447, -h + b = 4*d - 0*d. List the prime factors of h.
89
Suppose 5*j = 149 + 241. Let s = j - -201. What are the prime factors of s?
3, 31
Let v = 468 + -330. Let m = v - 95. What are the prime factors of m?
43
Let p = -3 + 221. Let g = p + 12. What are the prime factors of ((-18)/(-45))/(2/g)?
2, 23
Suppose -8 = 5*b - 4*m, 8*b - m + 2 = 3*b. Let u be (2 - (0 - -1)) + (-3)/(-1). List the prime factors of (1 - (b - 0)) + u.
5
Let j(q) = -q**3 - 5*q**2 + 4*q + 6. Let a = 9 + -7. Let d be (-1)/(-2) + (-13)/a. List the prime factors of j(d).
2, 3
Let v = 702 + -448. What are the prime factors of v?
2, 127
Let z be 30/70 - 1226/(-14). Suppose 146 = 2*c + 4*r, c = 2*c + 5*r - z. List the prime factors of c.
3, 7
Suppose -4*i = -x - 20, 4*i = 6*i - x - 12. Suppose -3*d = -5*q + 200, 3*d + 5*q + 111 + 109 = 0. What are the prime factors of ((-1232)/d)/(i/10)?
2, 11
Suppose -5*y - 7 = -o + 4*o, -o + y + 11 = 0. Suppose -o*g + 8*g = 32. List the pri